 - 4*b + 630 = 0. List the prime factors of b.
2, 3, 5
Let a(w) = -w**2 + 15. List the prime factors of a(0).
3, 5
Let q be (-5)/((-20)/(-672))*2. What are the prime factors of ((-2)/3)/(8/q)?
2, 7
Let u(c) = -c - 5. Let f be u(-9). Suppose 2*m + f*h - 34 = 2*h, 2*m = -5*h + 49. What are the prime factors of m?
2, 3
Let w = -3 + 1. Let t be (-3)/(6/(-14)) - w. Suppose l + 0*l - t = 0. What are the prime factors of l?
3
Suppose -4*j - 2*u + 356 = 0, -5*j - u = 2*u - 447. Suppose 113 = 4*g - j. What are the prime factors of g?
2, 5
Suppose 5*c - 10 = 10. Suppose c*h - 2*h = 0. Suppose h = -0*x + 2*x - 10. List the prime factors of x.
5
Suppose 0 = -4*v + v + 18. Let o be 8/(4*3/v). Suppose -o*q + 2 = 5*y - 53, 38 = 4*y + 2*q. What are the prime factors of y?
7
Let q be (-4)/(-6) - 8/3. Suppose -5*h + 6 = -0*a + 4*a, -2*a - 8 = -3*h. List the prime factors of a/4*q*6.
3
Let o = 4 - 0. Suppose g = 9 - o. Suppose 3*y - g = 7. List the prime factors of y.
2
Suppose -6*h = -3*h - 6. Suppose h + 7 = w. What are the prime factors of w?
3
Suppose h + 6 = -k + 1, 2*k - 8 = 0. Let p be h/6*4*1. Let x = 5 - p. What are the prime factors of x?
11
Let j = 145 - 41. List the prime factors of j.
2, 13
Let y(k) = k**2 - 3*k + 2. Let p be y(3). Suppose 5*d - 11 = -31. List the prime factors of (-2)/(d/p) + 11.
2, 3
Let m(u) = 3*u**2 + 2*u - 8. What are the prime factors of m(6)?
2, 7
Let t(l) = -l**3 - l**2 + 6*l + 1. Let z be (-62)/14 - 6/(-14). List the prime factors of t(z).
5
Suppose -4*i - 2*c + 28 = 0, -2*i + 6*i + 3*c = 30. Suppose -5*u + 63 = -y, -2*u = 3*y - i*u + 134. List the prime factors of y/(-4) - 4/(-8).
2, 5
Suppose -9*v = -13*v + 24. Suppose -4*c + v = -c. List the prime factors of c.
2
Suppose -2*r - 3*m - 13 = -4*r, -r + m + 5 = 0. Let v be 3/((-14)/(-4) - r). Let f = v - -12. What are the prime factors of f?
2, 7
Let y = 167 - 54. Suppose -4*c + 0*c = -3*r - y, 3*c - 90 = -3*r. Let f = c - 18. What are the prime factors of f?
11
Let f(w) = -w**2 - 6*w - 1. Let n be f(-6). Let x = 1 + n. Suppose x*a - 3*a = -36. What are the prime factors of a?
2, 3
Let z(m) = 6*m**2 - m - 2. Let r(y) = y + 5. Let d be r(-3). What are the prime factors of z(d)?
2, 5
Let t(z) = 9*z**3 - 23*z**2 + 12*z - 12. Let f(u) = -5*u**3 + 12*u**2 - 6*u + 6. Let l(j) = -7*f(j) - 4*t(j). What are the prime factors of l(7)?
13
Suppose 3*n + 81 = 12. Let q = n - -71. What are the prime factors of q?
2, 3
Suppose 3*o + 4*i = 3*i + 1022, -i + 680 = 2*o. What are the prime factors of o?
2, 3, 19
Let u(y) = 3*y - 5. Let k = -11 + 18. List the prime factors of u(k).
2
List the prime factors of (1 - 8)*(-5 - -4).
7
Suppose -2 = -5*q + 23. Suppose -q*r = x + 2, x - 2*x = -4*r - 7. List the prime factors of x.
3
Let c(f) = -4*f + 2. Let n be c(-3). Suppose 0 = -5*u - 5, -3*u - 15 = -4*y + 8. Suppose 5*h = y*a - 70, -a + n = h + 3*h. What are the prime factors of a?
2, 7
Let f(u) be the second derivative of -1/4*u**4 - u**2 + 1/3*u**3 + 2*u + 1/10*u**5 + 0. List the prime factors of f(2).
2, 3
Let a be (-8)/(-2)*(-13)/(-4). Let l = -9 - -12. Let u = l + a. What are the prime factors of u?
2
Let o = 3 + 6. Suppose 5*r + o = 6*r. List the prime factors of r.
3
List the prime factors of (8*13/10)/(8/40).
2, 13
Let v(l) = -l**2 + 7*l - 7. Suppose 4*a + 8 = -8, -4*d = 3*a - 12. Let q be v(d). What are the prime factors of (-2 - -15) + (-2 - q)?
2, 3
Let t(h) = h - 9. Let c be t(9). Suppose c = 3*u + 1 - 55. List the prime factors of u.
2, 3
Let h(p) = -2*p - 6. List the prime factors of h(-8).
2, 5
Let i = 5 + -3. Let g be (i - 1)/(1/22). List the prime factors of (-2)/(-6) + g/6.
2
Suppose -3*j + 169 = -b - b, 4*j = 2*b + 228. List the prime factors of j.
59
Suppose 0 = 3*s + l - 104, -3*l + 36 = s - 2*l. List the prime factors of s.
2, 17
Let c = 18 - 40. List the prime factors of (-180)/c - 8/44.
2
Suppose j = -3*j, 0 = 5*z + 4*j - 65. Let y be ((-8)/(-3))/(13/(-39)). Let w = y + z. What are the prime factors of w?
5
Let g be (-12)/28 - (-192)/7. Suppose n - 9 = g. List the prime factors of n.
2, 3
Let h = 1 + -2. Let b be (2 - 5)/3 - h. Suppose -x = -b - 11. List the prime factors of x.
11
Let o = 120 - 50. What are the prime factors of o?
2, 5, 7
Suppose 4*y - 884 = -5*t + 85, 3*t - 1208 = -5*y. List the prime factors of y.
241
Let a(g) = 6*g - 3. Let p = 1 - -2. List the prime factors of a(p).
3, 5
Let m = 9 + -10. Let j be 1*-1 - (-6 - m). List the prime factors of (11/2)/(2/j).
11
List the prime factors of (2 + -4)*-8 - -1.
17
Let m(d) = -d**3 - 2*d**2 + 8*d - 3. Let g be m(-5). Let j = g + -19. What are the prime factors of j?
13
Suppose o = 2 + 13. Suppose -3*r + 12 = -o. List the prime factors of r.
3
Let c(p) = p**2 + 6*p - 4. Let t be c(-7). Let g(s) = 3*s**2 - 4*s + 5. List the prime factors of g(t).
2, 5
Suppose 0 = -11*r + 12*r - 26. List the prime factors of r.
2, 13
Let y(u) be the second derivative of u**5/60 - u**4/8 - u**3/6 + u**2 - 2*u. Let r(l) be the first derivative of y(l). List the prime factors of r(5).
3
Let d be (11 - 2) + 0 + -2. Let p be (-2 - (-8)/(-4))*1. Let s = p + d. List the prime factors of s.
3
Let i be 4 + 1 + -2 + 1. Suppose -b + i*b = -4*m + 3, -2*m - 4 = -4*b. Suppose b + 5 = 2*d. List the prime factors of d.
3
What are the prime factors of -1 + 5/(5/48)?
47
Let m(k) = k**2 - 5*k + 5. Let l be m(5). Suppose 5*g - 45 = -0*g. Let j = g - l. What are the prime factors of j?
2
List the prime factors of (-73)/(-2) - 3/(-2).
2, 19
Let u = -50 + 80. What are the prime factors of u?
2, 3, 5
Suppose 15*f = -2*f + 5236. What are the prime factors of f?
2, 7, 11
Let f = 2 + -9. Let c(a) = -4*a + 4. What are the prime factors of c(f)?
2
Let j = 4 + -3. Suppose -o = -5*x + 41 + j, 2*x - 24 = 4*o. List the prime factors of x.
2
Let y = 10 - 7. Let s = y - -12. List the prime factors of s.
3, 5
Suppose 17 - 2 = 5*v. Suppose -3*k - 38 = -2*b + v*b, -40 = 3*k + 2*b. Let d = k - -23. List the prime factors of d.
11
Let p(s) = -3*s - 15. Suppose a + 5*x = 0, -2*x + 26 = -3*a - 4*x. List the prime factors of p(a).
3, 5
Suppose y - 26 - 44 = 0. Suppose -5*b + 0 = 3*m + 73, 5*m - 2*b + y = 0. Let w = m - -26. What are the prime factors of w?
2, 5
Let a = -12 - -7. Let f(j) be the third derivative of -j**6/120 - j**5/15 + j**4/6 + 2*j**2. What are the prime factors of f(a)?
5
List the prime factors of 2260/(-25)*(2 + (-9)/2).
2, 113
Let p = 10 - 4. Suppose -l - 6 = -4*q + p, -2*q = -3*l - 16. Let b(f) = f**2. What are the prime factors of b(q)?
2
What are the prime factors of -3 + 866/10 - (-4)/10?
2, 3, 7
Suppose -5*d = -d - v + 6, -v + 5 = -3*d. List the prime factors of (7/d)/((-11)/22).
2, 7
Suppose 4*f + 102 = 7*f. List the prime factors of (-3)/(-15) + f/5.
7
Suppose 0 = -3*u + 3*g + 24, -4*g + 40 = 7*u - 3*u. Let t(f) = -f**3 + 8*f**2 + 10*f + 1. What are the prime factors of t(u)?
2, 5
List the prime factors of (-2)/(-2) + (-7 - 2) + 333.
5, 13
Let c(x) = x + 11. Let o be c(-8). Let r be 24/(-5)*(-8 + o). Let a = r - 16. List the prime factors of a.
2
Suppose -1 = d - 2, 4*d = -i + 46. What are the prime factors of i?
2, 3, 7
Let z(p) = p**3 + 5*p**2 + 3*p - 3. Let x be z(-4). What are the prime factors of x + 9/(-3)*-1?
2
List the prime factors of 254/4 - 5/10.
3, 7
List the prime factors of (-159)/((-2)/8*6).
2, 53
Let p(f) = -59*f + 31. List the prime factors of p(-6).
5, 7, 11
Let b = 494 - 242. What are the prime factors of b?
2, 3, 7
Let l = 51 - 17. What are the prime factors of l?
2, 17
Let d(s) = s**2 + 1 + 4 + 8 - 2*s**2 - 8*s. Let y be d(-9). Suppose 4*q + 7 + 37 = y*c, -2*q - 40 = -5*c. List the prime factors of c.
2, 3
Let g(w) = -w**2 + 11*w + 11. Let b be g(12). Let y = 32 - b. List the prime factors of y.
3, 11
List the prime factors of (5/10)/((-2)/(-652)).
163
Suppose 2*q + 6 = 3*q. Suppose -5*a = 3*k + 4, -6*a = k - 2*a + q. What are the prime factors of k?
2
Suppose h + 13 = 97. What are the prime factors of h?
2, 3, 7
Let d(i) = 2*i - 5. List the prime factors of d(4).
3
Suppose -3*c = -y + 120 - 14, 3*y - 293 = 4*c. Suppose -y + 19 = -3*x. List the prime factors of x.
2, 3
Suppose 0 = 4*r - 2*r - 2. Let x be (r - 1)/(-3) + -8. Let a = 19 + x. What are the prime factors of a?
11
Suppose -f = 5*l - 41, l + 120 = 4*f - 86. List the pri